units digit of n?
0
Let a be (0 + -2)/((-1)/(-4)). What is the units digit of (a/6)/(3/(-9))?
4
Suppose -f - 239 = -3*f + 5*z, -z = -4*f + 505. Suppose 5*o + 61 = 4*p - f, -2*p - 5*o = -94. What is the units digit of p?
7
Suppose -5*g + 13 = 2*p + p, 4*g = p - 27. What is the tens digit of p?
1
Suppose n = -5*b + 19, 5*b + 3*n - 13 = b. Suppose 112 = b*t + z, -t + 6*t - 119 = 4*z. What is the tens digit of t?
2
Let q(k) = -k**2 + 10*k + 9. Let x be q(10). Let p = -11 + x. Let f = -1 - p. What is the units digit of f?
1
Let c be 2/5 + (-6)/(-10). Let d = c - 16. Let a = 25 + d. What is the units digit of a?
0
Suppose -8 = -7*o + 3*o. Suppose -3*i + 52 = d, -i + 3 = o*d - 16. What is the units digit of i?
7
Suppose -29*h + 24*h + 550 = 0. What is the units digit of h?
0
Let w = 15 - -141. What is the hundreds digit of w?
1
Let d = 24 - 23. Let l(a) = 6*a - 4. Let v be l(3). What is the units digit of (7/v)/(d/4)?
2
Let k(p) = -p**2 + 5*p + 4. Let z be k(4). Let j = -4 + 24. Suppose z = 4*v - j. What is the units digit of v?
7
Let b be 0 + 5/((-5)/(-12)). Let p(f) = f**2 - 11*f - 1. What is the units digit of p(b)?
1
What is the tens digit of (1 + 60)*(-10 + 6)/(-4)?
6
Let h = -2 - 10. Let f = h - -27. What is the tens digit of f?
1
Let j = -2 - -5. Let g be (-4)/(-6) - (-7)/3. Suppose 0 = -j*a + 9, 2*y + g*a - 7*a = 2. What is the units digit of y?
7
Let p(s) = -44*s - 3. What is the units digit of p(-2)?
5
Let p = 10 + -6. Let a = p - 2. What is the units digit of a?
2
Let i = -5 - -11. Suppose -2*v = -i + 2. Let w = v + 0. What is the units digit of w?
2
Let z = 0 - -3. What is the tens digit of ((-4)/6)/(z/(-81))?
1
Suppose 32 = 2*v - v. What is the units digit of v?
2
Suppose 5*l - 5 = 5. What is the units digit of l?
2
What is the units digit of (7240/(-30))/((-4)/6)?
2
Let s(v) = -v - 9. Let y be s(-11). Suppose 0 = -5*c + 3*p - 22, -y*c - 3*p - 8 = -4*p. What is the units digit of (1 + c)*-13 - 3?
0
Let j be ((-34)/(-4))/((-4)/(-8)). Let d = j + -13. What is the units digit of d?
4
Suppose -x = x. Suppose -2*o + 17 = 3*j, -4*o - 4*j + 9*j + 1 = x. Suppose 4*n = 2*p - p + 2, o*n - 16 = 0. What is the units digit of p?
4
Suppose 0*n - 9 = -3*n. Suppose 88 = n*f + f. What is the tens digit of f?
2
Let i(n) = 5*n**2 + 9*n - 5. What is the units digit of i(-6)?
1
Let a be -3 + (0 - 7/(-1)). Suppose 5*i + 2*u - 24 = 0, -3*u = -a*i - 2*u + 27. What is the units digit of i?
6
Let f(t) = t**3 + 5*t**2 + 5*t + 5. Let j be (20/25)/((-2)/10). Let p be f(j). What is the tens digit of 15 - 3/(2 - p)?
1
Suppose 8 = -a + 5*a. What is the units digit of (2*(8 - a))/1?
2
What is the units digit of 57/6*(6 + -2)?
8
Let n(l) = l**2 + 1. Let x(k) = 5*k**2 + 6*k + 7. Suppose -v - 1 = 5. Let m(o) = v*n(o) + x(o). What is the units digit of m(5)?
6
Let d = 16 + -6. What is the units digit of d?
0
What is the tens digit of ((-30)/(-25))/((-3)/(-175))?
7
Let f(w) = -w**3 + 4*w**2 + 7*w - 5. Let n be f(5). Suppose k + n = 25. What is the tens digit of k?
2
Let p be (-2 + 52)*(3 + -6). What is the tens digit of (6/(-9))/(4/p)?
2
Suppose -39 = -3*y - 3. Let u = -10 + y. What is the units digit of u?
2
What is the hundreds digit of -2*(-2)/2 - -354?
3
Suppose 16 = l - 3*z, -3*z + 1 = -5*l + 69. Let t(v) = -v**2 + 17*v + 4. Let i be t(l). Suppose 0*u + i = 4*u. What is the units digit of u?
4
Let j be ((-3)/9)/((-3)/(-18)). What is the units digit of (-2)/2*4/j?
2
Let o(a) = 2*a**2 - 3. Let b(y) = y**2 + y. Let s(j) = 3*b(j) + o(j). What is the tens digit of s(2)?
2
Let s(p) = -p**3 + 3*p**2 - 3*p + 2. Let k be s(2). Suppose -2*v - 5 + 15 = k. Suppose -v*u + n - 3*n + 28 = 0, -u - 5*n = -24. What is the units digit of u?
4
Suppose 7 = 3*l - 5. Let o be 4 - 2/l*4. Suppose 1 = o*z + 3*b - 1, -4 = -4*z - b. What is the units digit of z?
1
Let m = 1 + 10. What is the units digit of m?
1
Suppose 0 = -l - k + 1, k + 0 = 3*l + 1. Let g(i) = i**3 - i**2 - i - 14. Let a be g(l). Let d = -7 - a. What is the units digit of d?
7
Let w(l) = 3*l**2 + 20*l + 25. What is the tens digit of w(-13)?
7
Suppose -2*o + 6 = -4*o. Let y(v) = -v**3 - 2*v**2 + 4*v + 4. Let b be y(o). What is the units digit of b/((-15)/(-12) - 1)?
4
Let i = -6 + 12. Suppose -3*u - 3*o = -48, 2*o - 31 = -u + i*o. What is the tens digit of u?
1
Let k(q) = -11*q**3 - q**2 + q - 3. Let j(l) = -23*l**3 - 3*l**2 + 3*l - 7. Let v(i) = -2*j(i) + 5*k(i). What is the units digit of v(-1)?
0
Let b = 3 + 55. What is the tens digit of b?
5
Suppose r + 5*z + 4 - 21 = 0, -5*r = -5*z - 175. What is the tens digit of r?
3
Let r(i) = -i**3 - 5*i**2 - i - 1. Let v be r(-5). Let x = 4 - v. Suppose -o + 0*s + s = -5, x = 5*o + 3*s - 9. What is the units digit of o?
3
Suppose 4*j = -8, 0*g + 4*j - 344 = -4*g. What is the units digit of g?
8
Let w = 25 - 52. Let r = -9 - w. What is the units digit of r?
8
Suppose 5*z + 0 - 20 = 0. Let q = 0 - -4. Suppose -z = -q*o - 0. What is the units digit of o?
1
Let p(n) = 15*n + 5. What is the tens digit of p(4)?
6
Let j = 9 - 4. Let o(c) = -c**2 + 6*c + 6. Let r be o(6). Suppose z = -3*d, -3*d + 12 = -j*z - r. What is the units digit of d?
1
Suppose 0 = 2*i + 4*o - 50, -124 = i - 5*i - 2*o. What is the units digit of i?
3
Let y(f) = -19*f**2 + 2*f - 1. Let b be y(1). What is the tens digit of 114/10 - b/30?
1
Let c = -24 - -60. What is the tens digit of c?
3
Let n(t) = 3*t - 16. Let j be n(7). Suppose -5*c + 13 = -b, b - j*c = -b - 1. What is the units digit of b?
2
Let n = 1 - -3. Suppose 0*z + n*z + 3*v + 12 = 0, -z - 4*v = 16. Suppose -3*h + 4*h - 1 = z. What is the units digit of h?
1
Suppose -2*c - 6 = -5*c. What is the units digit of (-4 + 16)*c/3?
8
Let s(k) = 23*k**3 + k - 1. Let v be s(1). Let i = v - 15. What is the units digit of i?
8
Let b be 108/26 + (-10)/65. Let w = 5 - b. What is the units digit of 1/((-2)/(-26))*w?
3
Let y be 0 - -1 - -13*2. Suppose 3*w + 3 = y. What is the units digit of w?
8
Let c = 1 - -4. Let p = -6 + 6. Suppose c*f - 30 - 25 = p. What is the tens digit of f?
1
What is the tens digit of 14*17 - (26 + -28)?
4
Suppose -278 + 100 = -2*j. What is the tens digit of j?
8
Let h be -2*(-4)/((-16)/42). Let d = -12 - h. Suppose t = 4*t - d. What is the units digit of t?
3
Suppose 0*w + w - 1 = 0. What is the tens digit of -33*w*(3 + -4)?
3
Let r = -61 - -116. Suppose 3*j + r = -2*j. Let p = 18 + j. What is the units digit of p?
7
Let k(c) = -1 + 13*c**2 + 5*c - 5*c. What is the tens digit of k(1)?
1
Let u be (-1 - 1) + (-2 - -126). Suppose 3 + u = 5*p. Let n = p - 11. What is the units digit of n?
4
Let y(s) = -s**3 - 3*s**2 + 3. What is the units digit of y(-3)?
3
Suppose 3*s + 5 = -4*z, -5*s + 3*s - 7 = -z. Let k be 2/s + (-22)/(-6). Suppose 8*p = k*p + 20. What is the units digit of p?
4
What is the units digit of 2/13 + (-5355)/(-91)?
9
Let k(b) = b + 12. Let a be k(-10). Suppose a*t - 1 = -o + 4, 0 = t - 3*o + 8. What is the units digit of (-4)/t*15/(-4)?
5
Let b = 122 + -202. What is the units digit of b/(-14) - 10/(-35)?
6
Let g(a) = -a**2 - 5*a. Let v be g(-4). Suppose -u - 129 = -5*u - 3*o, -v*u + 154 = -2*o. What is the tens digit of u?
3
Let d be -2 - (-1 + 4 + -2). What is the units digit of 1/3 + (-35)/d?
2
Let u = 7 - 9. What is the units digit of u/(-7) + (-234)/(-14)?
7
Let h(a) = 3*a - 1. Let l be h(1). Suppose -4*i + 17 = y, -l*i - 3*y + 15 = i. Let w = i - 0. What is the units digit of w?
4
Suppose 2*u - 19 = 5. Let w be 6/(-4)*(-8)/u. What is the units digit of (1 - 2) + 3 - w?
1
Suppose 5*x = 3*c + 10, 3*x + 2*c + 28 = -3*c. What is the units digit of (-54)/(-2) - 2 - x?
6
Let h = 76 + -36. What is the units digit of h?
0
Let b(z) = -4*z**3 - z**2 + 3*z**3 - 6*z**2. Let t be b(-7). What is the units digit of (1 + t - -10) + 3?
4
Suppose 12 = -4*l + 5*l. Suppose 0 = -4*b + l, 2*k - 2*b - 94 = -4*b. What is the tens digit of k?
4
Suppose -6*c + 304 = -14. What is the tens digit of c?
5
Let p(j) = j**3 + 6*j**2 + j + 1. Let g be p(-5). Let k = -15 - -2. Let i = g + k. What is the units digit of i?
8
Let l(h) = -h**3 - 5*h**2 - 6*h - 1. Let a be l(-4). Let q be ((-34)/6)/(a/(-21)). Suppose 3*k = 4*k - q. What is the units digit of k?
7
What is the units digit of (-1)/((14/78)/(-7))?
9
Let o(a) = -a**3 + 5*a**2 - 5*a + 5. Let n be o(4). Let d = 